f 17?
True
Is 1003 a multiple of 5?
False
Is 13 a factor of 357?
False
Does 21 divide 1071?
True
Does 11 divide 198?
True
Is 28 a factor of 720?
False
Is 69 a factor of 34431?
True
Is 2580 a multiple of 30?
True
Is 19 a factor of 1075?
False
Is 57 a factor of 399?
True
Does 33 divide 420?
False
Is 3306 a multiple of 57?
True
Is 22 a multiple of 11?
True
Does 27 divide 270?
True
Is 3521 a multiple of 11?
False
Is 10952 a multiple of 74?
True
Is 63 a factor of 504?
True
Is 5 a factor of 8367?
False
Is 204 a factor of 7453?
False
Is 22 a factor of 616?
True
Is 5842 a multiple of 127?
True
Does 8 divide 1656?
True
Is 2247 a multiple of 24?
False
Is 13712 a multiple of 16?
True
Is 319 a multiple of 14?
False
Does 8 divide 2672?
True
Is 27 a factor of 67203?
True
Is 11360 a multiple of 80?
True
Is 14843 a multiple of 3?
False
Is 64 a factor of 142400?
True
Does 12 divide 2571?
False
Is 32800 a multiple of 16?
True
Is 4905 a multiple of 109?
True
Does 6 divide 631?
False
Is 1184 a multiple of 74?
True
Is 899 a multiple of 29?
True
Is 34245 a multiple of 16?
False
Is 32 a factor of 737?
False
Is 5383 a multiple of 88?
False
Does 18 divide 504?
True
Is 9797 a multiple of 4?
False
Is 30 a factor of 1453?
False
Is 154 a multiple of 7?
True
Is 25 a factor of 29122?
False
Is 15 a factor of 11422?
False
Does 31 divide 1922?
True
Is 38 a factor of 12841?
False
Does 16 divide 519?
False
Is 6711 a multiple of 14?
False
Does 88 divide 7920?
True
Is 23 a factor of 79649?
True
Is 528 a multiple of 24?
True
Is 9 a factor of 3483?
True
Is 21 a factor of 5719?
False
Is 239 a factor of 45410?
True
Is 23 a factor of 950?
False
Is 820 a multiple of 82?
True
Does 5 divide 228?
False
Is 5 a factor of 670?
True
Is 5658 a multiple of 19?
False
Is 15 a factor of 179?
False
Is 7 a factor of 826?
True
Is 134 a factor of 74841?
False
Is 74 a factor of 152?
False
Does 36 divide 55772?
False
Is 367 a multiple of 5?
False
Is 3503 a multiple of 39?
False
Is 148 a multiple of 11?
False
Does 33 divide 1447?
False
Does 11 divide 352?
True
Is 26705 a multiple of 109?
True
Is 98 a factor of 6176?
False
Does 33 divide 46233?
True
Is 1314 a multiple of 18?
True
Is 30 a factor of 2007?
False
Does 58 divide 1969?
False
Is 4891 a multiple of 25?
False
Is 231 a multiple of 33?
True
Is 1060 a multiple of 31?
False
Does 3 divide 103?
False
Does 24 divide 1275?
False
Is 8 a factor of 203?
False
Does 146 divide 52414?
True
Is 30 a factor of 52620?
True
Is 17490 a multiple of 159?
True
Does 17 divide 611?
False
Is 2530 a multiple of 5?
True
Does 29 divide 261?
True
Is 1585 a multiple of 23?
False
Is 10 a factor of 654?
False
Is 5 a factor of 373?
False
Is 4 a factor of 162?
False
Is 1155 a multiple of 55?
True
Is 18320 a multiple of 8?
True
Does 20 divide 861?
False
Does 83 divide 2075?
True
Does 26 divide 60922?
False
Does 98 divide 5782?
True
Is 6680 a multiple of 17?
False
Is 19805 a multiple of 233?
True
Is 30 a factor of 6600?
True
Is 222 a multiple of 37?
True
Does 278 divide 27668?
False
Is 41 a factor of 7166?
False
Is 12672 a multiple of 36?
True
Is 11 a factor of 20123?
False
Is 10 a factor of 570?
True
Is 1404 a multiple of 54?
True
Is 738 a multiple of 11?
False
Is 11 a factor of 126?
False
Is 5 a factor of 1060?
True
Is 35 a factor of 3388?
False
Does 7 divide 34866?
False
Is 6 a factor of 846?
True
Does 11 divide 2371?
False
Is 314 a multiple of 4?
False
Does 43 divide 660?
False
Is 77 a factor of 971?
False
Is 324 a multiple of 27?
True
Does 78 divide 30803?
False
Is 71 a factor of 2113?
False
Is 109 a multiple of 2?
False
Is 362 a multiple of 4?
False
Is 252 a multiple of 84?
True
Is 5 a factor of 2233?
False
Is 104 a factor of 543?
False
Is 6 a factor of 34746?
True
Is 162 a factor of 31428?
True
Does 36 divide 864?
True
Does 55 divide 11990?
True
Is 15 a factor of 50617?
False
Is 1545 a multiple of 11?
False
Does 26 divide 1351?
False
Is 6120 a multiple of 18?
True
Is 14 a factor of 28966?
True
Does 120 divide 14928?
False
Does 27 divide 6449?
False
Is 92 a factor of 1192?
False
Does 7 divide 1564?
False
Is 17 a factor of 1394?
True
Is 60303 a multiple of 7?
False
Is 45 a factor of 2610?
True
Does 79 divide 1293?
False
Is 6 a factor of 575?
False
Does 107 divide 19046?
True
Does 4 divide 536?
True
Is 17 a factor of 1972?
True
Does 65 divide 50062?
False
Does 73 divide 1376?
False
Does 95 divide 8246?
False
Is 16 a factor of 37120?
True
Does 18 divide 1341?
False
Is 64532 a multiple of 34?
True
Is 15 a factor of 1056?
False
Is 10091 a multiple of 19?
False
Is 3 a factor of 195?
True
Does 92 divide 5276?
False
Does 25 divide 5939?
False
Is 3592 a multiple of 8?
True
Is 62 a factor of 6634?
True
Is 89 even?
False
Is 8910 a multiple of 45?
True
Is 3269 a multiple of 18?
False
Is 9120 a multiple of 6?
True
Does 14 divide 4975?
False
Does 12 divide 12492?
True
Is 1218 a multiple of 42?
True
Does 8 divide 960?
True
Does 7 divide 9537?
False
Is 7 a factor of 16812?
False
Is 10 a factor of 2210?
True
Is 12 a factor of 888?
True
Is 2816 a multiple of 22?
True
Is 6 a factor of 18475?
False
Is 38 a factor of 29374?
True
Is 27811 a multiple of 137?
True
Is 68 a factor of 5780?
True
Is 2208 a multiple of 54?
False
Does 12 divide 69432?
True
Does 9 divide 12864?
False
Is 11020 a multiple of 58?
True
Is 4872 a multiple of 116?
True
Does 53 divide 11321?
False
Is 51 a factor of 15005?
False
Does 10 divide 2163?
False
Is 69 a factor of 30017?
False
Is 41 a multiple of 41?
True
Is 3 a factor of 1566?
True
Is 48837 a multiple of 73?
True
Is 6897 a multiple of 11?
True
Is 50 a factor of 1100?
True
Is 329 a multiple of 62?
False
Does 8 divide 392?
True
Is 6758 a multiple of 31?
True
Does 76 divide 42712?
True
Is 4800 a multiple of 21?
False
Does 10 divide 8501?
False
Is 19 a factor of 3249?
True
Does 32 divide 3462?
False
Is 735 a multiple of 8?
False
Is 51 a factor of 3774?
True
Is 9081 a multiple of 29?
False
Is 10332 a multiple of 28?
True
Is 10185 a multiple of 15?
True
Is 1088 a multiple of 5?
False
Is 17122 a multiple of 14?
True
Is 88 a factor of 5104?
True
Does 12 divide 241?
False
Does 12 divide 746?
False
Does 14 divide 827?
False
Is 1360 a multiple of 73?
False
Is 39 a factor of 156?
True
Is 26481 a multiple of 53?
False
Is 26 a factor of 390?
True
Is 3071 a multiple of 38?
False
Is 18759 a multiple of 169?
True
Does 10 divide 4850?
True
Is 1086 a multiple of 29?
False
Does 43 divide 2655?
False
Is 12626 a multiple of 15?
False
Is 44 a factor of 1980?
True
Is 186 a multiple of 30?
False
Is 100 a factor of 38700?
True
Does 6 divide 110?
False
Does 27 divide 10206?
True
Does 3 divide 46?
False
Is 32 a factor of 512?
True
Does 78 divide 4148?
False
Is 2087 a multiple of 79?
False
Is 11 a factor of 2527?
False
Does 23 divide 805?
True
Is 12 a factor of 1674?
False
Is 252 a multiple of 6?
True
Is 8 a factor of 290?
False
Does 96 divide 2496?
True
Is 143 a multiple of 11?
True
Is 4163 a multiple of 45?
False
Is 10 a factor of 31462?
False
Is 972 a multiple of 6?
True
Does 7 divide 14023?
False
Is 2 a factor of 101?
False
Does 98 divide 3822?
True
Is 2 a factor of 264?
True
Is 67 a factor of 8422?
False
Is 15336 a multiple of 18?
True
Is 20 a factor of 360?
True
Is 96577 a multiple of 221?
True
Is 29 a factor of 16878?
True
Is 5270 a multiple of 12?
False
Does 21 divide 899?
False
Is 731 a multiple of 10?
False
Is 208 a multiple of 8?
True
Is 36908 a multiple of 13?
False
Is 2430 a multiple of 15?
True
Is 84 a multiple of 42?
True
Does 175 divide 9237?
False
Does 35 divide 12330?
False
Is 5 a factor of 115?
True
Does 19 divide 1588?
False
Is 2760 a multiple of 12?
True
Is 1353 a multiple of 11?
True
Is 6979 a multiple of 20?
False
Is 36 a factor of 407?
False
Is 6469 a multiple of 15?
False
Is 167 a factor of 16032?
True
Is 7 a factor of 525?
True
Does 8 divide 6456?
True
Does 9 divide 35028?
True
Is 13690 a multiple of 37?
True
Is 20794 a multiple of 15?
False
Is 69 a factor of 60603?
False
Is 3 a factor of 2178?
True
Does 30 divide 3869?
False
Does 21 divide 543?
False
Is 3746 a multiple of 11?
False
Is 7252 a multiple of 15?
False
Is 32 a factor of 352?
True
Is 13 a factor of 8803?
False
Does 5 divide 1695?
True
Does 101 divide 41670?
False
Does 46 divide 86296?
True
Is 3 a factor of 1237